lse
Is 1846 a multiple of 26?
True
Is 7 a factor of 656?
False
Is 4102 a multiple of 108?
False
Is 1971 a multiple of 9?
True
Is 7466 a multiple of 28?
False
Does 47 divide 893?
True
Is 171 a factor of 45304?
False
Does 41 divide 9594?
True
Is 420 a multiple of 21?
True
Is 884 a multiple of 17?
True
Is 12 a factor of 2145?
False
Is 4368 a multiple of 104?
True
Is 11 a factor of 2602?
False
Does 17 divide 85366?
False
Is 1796 a multiple of 87?
False
Is 44 a factor of 3036?
True
Is 16 a factor of 8966?
False
Is 1295 a multiple of 5?
True
Does 184 divide 35559?
False
Is 9504 a multiple of 66?
True
Does 125 divide 18750?
True
Is 10353 a multiple of 51?
True
Is 64557 a multiple of 11?
False
Is 1009 a multiple of 26?
False
Does 43 divide 3718?
False
Is 669 a multiple of 13?
False
Does 12 divide 6840?
True
Does 32 divide 1569?
False
Is 17650 a multiple of 147?
False
Does 95 divide 1330?
True
Is 2622 a multiple of 23?
True
Does 68 divide 14824?
True
Does 10 divide 205?
False
Does 4 divide 1893?
False
Is 2816 a multiple of 22?
True
Does 113 divide 2142?
False
Does 7 divide 13510?
True
Does 132 divide 41059?
False
Is 20 a factor of 2020?
True
Is 940 a multiple of 10?
True
Is 86983 a multiple of 13?
True
Is 1302 even?
True
Does 11 divide 2783?
True
Does 10 divide 2470?
True
Does 21 divide 651?
True
Does 11 divide 2415?
False
Is 1727 a multiple of 3?
False
Does 34 divide 463?
False
Is 8 a factor of 93?
False
Is 3 a factor of 1897?
False
Does 38 divide 612?
False
Does 75 divide 14807?
False
Is 4518 a multiple of 251?
True
Does 33 divide 3168?
True
Does 9 divide 2727?
True
Is 29 a factor of 1448?
False
Is 180 a multiple of 45?
True
Is 2176 a multiple of 16?
True
Is 41 a factor of 15432?
False
Does 27 divide 405?
True
Does 7 divide 3990?
True
Does 26 divide 390?
True
Does 55 divide 2420?
True
Is 5405 a multiple of 115?
True
Is 2608 a multiple of 16?
True
Is 53 a factor of 35303?
False
Is 84 a multiple of 74?
False
Is 4704 a multiple of 12?
True
Is 20 a factor of 820?
True
Is 3321 a multiple of 9?
True
Is 1655 a multiple of 136?
False
Is 18717 a multiple of 7?
False
Is 28 a factor of 5236?
True
Is 851 a multiple of 7?
False
Is 7 a factor of 438?
False
Does 75 divide 39878?
False
Is 868 a multiple of 65?
False
Does 19 divide 475?
True
Is 15 a factor of 568?
False
Is 7 a factor of 448?
True
Is 17 a factor of 134776?
True
Is 70 a factor of 5600?
True
Is 66 a factor of 380?
False
Is 32 a factor of 800?
True
Does 76 divide 10944?
True
Is 112 a multiple of 14?
True
Does 12 divide 917?
False
Is 31770 a multiple of 45?
True
Does 61 divide 2506?
False
Is 4 a factor of 7364?
True
Is 6 a factor of 752?
False
Is 36 a factor of 1263?
False
Is 12 a factor of 75072?
True
Is 2262 a multiple of 39?
True
Does 110 divide 9418?
False
Is 13 a factor of 7906?
False
Is 387 a factor of 131580?
True
Is 1295 a multiple of 51?
False
Is 123 a factor of 97823?
False
Does 30 divide 18960?
True
Does 44 divide 12936?
True
Is 13 a factor of 7243?
False
Is 10 a factor of 86?
False
Is 10426 a multiple of 16?
False
Does 17 divide 6358?
True
Is 50 a factor of 31670?
False
Is 32 a factor of 6507?
False
Is 4596 a multiple of 5?
False
Does 48 divide 6576?
True
Is 1144 a multiple of 22?
True
Is 655 a multiple of 16?
False
Is 450 a multiple of 18?
True
Is 3 a factor of 727?
False
Is 1026 a multiple of 16?
False
Is 990 a multiple of 13?
False
Is 202 a multiple of 5?
False
Does 25 divide 400?
True
Is 64 a factor of 448?
True
Is 1743 a multiple of 7?
True
Does 29 divide 164?
False
Is 28590 a multiple of 15?
True
Is 28 a factor of 3224?
False
Is 23 a factor of 3460?
False
Is 8200 a multiple of 8?
True
Is 26 a factor of 52286?
True
Is 41 a factor of 738?
True
Does 10 divide 9300?
True
Is 131 a factor of 14705?
False
Does 3 divide 3?
True
Does 12 divide 924?
True
Does 30 divide 58770?
True
Does 14 divide 756?
True
Does 17 divide 1104?
False
Does 139 divide 417?
True
Is 30 a factor of 1950?
True
Is 440 a multiple of 22?
True
Does 5 divide 889?
False
Does 11 divide 9834?
True
Is 3354 a multiple of 4?
False
Is 5414 a multiple of 122?
False
Does 21 divide 706?
False
Is 4785 a multiple of 29?
True
Is 36 a factor of 180?
True
Does 42 divide 9198?
True
Is 42 a factor of 840?
True
Is 12 a factor of 3005?
False
Is 25 a factor of 2475?
True
Is 12 a factor of 3660?
True
Does 46 divide 16284?
True
Is 8078 a multiple of 9?
False
Is 11 a multiple of 11?
True
Is 4 a factor of 27?
False
Is 676 a multiple of 53?
False
Does 168 divide 16128?
True
Is 30 a factor of 1350?
True
Is 42 a factor of 8064?
True
Is 14798 a multiple of 14?
True
Is 6251 a multiple of 47?
True
Is 298 a multiple of 16?
False
Is 1037 a multiple of 11?
False
Is 999 a multiple of 26?
False
Does 46 divide 2499?
False
Does 18 divide 882?
True
Does 31 divide 124481?
False
Does 19 divide 19992?
False
Is 640 a multiple of 80?
True
Is 2675 a multiple of 6?
False
Does 11 divide 82074?
False
Is 18 a factor of 12258?
True
Is 528 a multiple of 88?
True
Does 114 divide 1272?
False
Is 26 a factor of 4210?
False
Does 84 divide 1512?
True
Does 4 divide 80?
True
Does 7 divide 392?
True
Does 13 divide 52?
True
Does 11 divide 11348?
False
Is 35 a factor of 910?
True
Is 25356 a multiple of 20?
False
Is 24 a factor of 6026?
False
Is 32 a factor of 2444?
False
Is 97039 a multiple of 106?
False
Is 760 a multiple of 20?
True
Does 13 divide 2132?
True
Is 36 a factor of 476?
False
Is 47 a factor of 1269?
True
Is 697 a multiple of 52?
False
Is 19 a factor of 1292?
True
Is 669 a multiple of 33?
False
Is 34 a factor of 3254?
False
Is 80 a factor of 2199?
False
Is 163 a multiple of 4?
False
Is 6 a factor of 268?
False
Does 5 divide 6314?
False
Is 19 a factor of 451?
False
Is 42798 a multiple of 37?
False
Does 61 divide 26324?
False
Is 49938 a multiple of 41?
True
Is 3610 a multiple of 4?
False
Does 21 divide 1092?
True
Does 2 divide 55?
False
Is 3 a factor of 36?
True
Does 13 divide 286?
True
Is 432 a multiple of 12?
True
Is 154 a multiple of 22?
True
Is 23 a factor of 437?
True
Does 21 divide 210?
True
Does 7 divide 7284?
False
Does 22 divide 24?
False
Does 15 divide 90574?
False
Does 41 divide 9225?
True
Is 510 a multiple of 51?
True
Is 564 a multiple of 64?
False
Does 85 divide 4025?
False
Does 59 divide 826?
True
Is 26 a factor of 1690?
True
Is 672 a multiple of 9?
False
Is 26 a factor of 93724?
False
Is 3825 a multiple of 17?
True
Does 7 divide 2167?
False
Does 36 divide 2343?
False
Is 1232 a multiple of 4?
True
Is 1344 a multiple of 16?
True
Is 318 a multiple of 54?
False
Is 12973 a multiple of 15?
False
Does 25 divide 248?
False
Is 19 a factor of 13765?
False
Is 22 a factor of 430?
False
Does 44 divide 9988?
True
Is 81 a factor of 1539?
True
Does 74 divide 3034?
True
Does 5 divide 115?
True
Is 11186 a multiple of 14?
True
Is 9 a factor of 609?
False
Is 3 a factor of 1108?
False
Is 14 a factor of 400?
False
Does 6 divide 15?
False
Is 12724 a multiple of 12?
False
Does 36 divide 3701?
False
Is 1272 a multiple of 115?
False
Is 219 a multiple of 9?
False
Does 6 divide 6?
True
Does 12 divide 406?
False
Is 35 a factor of 1960?
True
Does 69 divide 1104?
True
Is 48640 a multiple of 64?
True
Is 10 a factor of 10090?
True
Does 87 divide 1044?
True
Does 66 divide 948?
False
Is 17640 a multiple of 12?
True
Is 7 a factor of 224?
True
Is 36 a factor of 5148?
True
Is 9 a factor of 14490?
True
Is 50300 a multiple of 100?
True
Is 15449 a multiple of 42?
False
Does 12 divide 1171?
False
Is 2 a factor of 2290?
True
Is 13933 a multiple of 13?
False
Is 3 a factor of 1916?
False
Is 8517 a multiple of 17?
True
Is 8 a factor of 1270?
False
Does 55 divide 2581?
False
Is 2349 a multiple of 27?
True
Is 11 a factor of 471?
False
Does 32 divide 128?
True
Is 11 a factor of 11773?
False
Is 5781 a multiple of 127?
False
Does 18 divide 972?
True
Does 14 divide 1932?
True
Does 31 divide 87446?
False
Is 10 a factor of 7865?
False
Is 2 a factor of 13322?
True
Is 68 a factor of 1415?
False
Is 645 a multiple of 25?
False
Is 2 a factor of 40?
True
Is 2525 a multiple of 17?
False
Is 510 a multiple of 51?
True
Is 18 a factor of 7938?
True
Is 814 a multiple of 74?
True
Is 9328 a multiple of 66?
False
Does 14 divide 48065?
False
Is 142 a multiple of 73?
False
Is 6388 a multiple of 58?
False
Does 126 divide 43470?
